{"id":6301,"date":"2024-05-07T13:46:19","date_gmt":"2024-05-07T17:46:19","guid":{"rendered":"https:\/\/vibraco.ind.br\/?post_type=product&#038;p=6301"},"modified":"2024-05-13T14:53:49","modified_gmt":"2024-05-13T18:53:49","slug":"maquina-de-blocos","status":"publish","type":"product","link":"https:\/\/vibraco.ind.br\/index.php\/product\/maquina-de-blocos\/","title":{"rendered":"M\u00e1quina para Fabrica\u00e7\u00e3o de Blocos V3000"},"content":{"rendered":"","protected":false},"excerpt":{"rendered":"","protected":false},"featured_media":6506,"template":"","meta":{"_joinchat":[]},"product_brand":[],"product_cat":[47],"product_tag":[],"class_list":{"0":"post-6301","1":"product","2":"type-product","3":"status-publish","4":"has-post-thumbnail","6":"product_cat-equipamentos","7":"","9":"first","10":"instock","11":"shipping-taxable","12":"product-type-simple"},"_links":{"self":[{"href":"https:\/\/vibraco.ind.br\/index.php\/wp-json\/wp\/v2\/product\/6301","targetHints":{"allow":["GET"]}}],"collection":[{"href":"https:\/\/vibraco.ind.br\/index.php\/wp-json\/wp\/v2\/product"}],"about":[{"href":"https:\/\/vibraco.ind.br\/index.php\/wp-json\/wp\/v2\/types\/product"}],"wp:featuredmedia":[{"embeddable":true,"href":"https:\/\/vibraco.ind.br\/index.php\/wp-json\/wp\/v2\/media\/6506"}],"wp:attachment":[{"href":"https:\/\/vibraco.ind.br\/index.php\/wp-json\/wp\/v2\/media?parent=6301"}],"wp:term":[{"taxonomy":"product_brand","embeddable":true,"href":"https:\/\/vibraco.ind.br\/index.php\/wp-json\/wp\/v2\/product_brand?post=6301"},{"taxonomy":"product_cat","embeddable":true,"href":"https:\/\/vibraco.ind.br\/index.php\/wp-json\/wp\/v2\/product_cat?post=6301"},{"taxonomy":"product_tag","embeddable":true,"href":"https:\/\/vibraco.ind.br\/index.php\/wp-json\/wp\/v2\/product_tag?post=6301"}],"curies":[{"name":"wp","href":"https:\/\/api.w.org\/{rel}","templated":true}]}}